{"id":271,"date":"2023-01-19T11:03:30","date_gmt":"2023-01-19T11:03:30","guid":{"rendered":"https:\/\/poolfolien.online\/?page_id=271"},"modified":"2023-03-15T09:58:45","modified_gmt":"2023-03-15T09:58:45","slug":"datenschutz","status":"publish","type":"page","link":"https:\/\/poolfolien.online\/?page_id=271","title":{"rendered":"Datenschutz"},"content":{"rendered":"\t\t<div data-elementor-type=\"wp-page\" data-elementor-id=\"271\" class=\"elementor elementor-271\" data-elementor-post-type=\"page\">\n\t\t\t\t\t\t<section class=\"elementor-section elementor-top-section elementor-element elementor-element-6ae92719 elementor-section-boxed elementor-section-height-default elementor-section-height-default\" data-id=\"6ae92719\" data-element_type=\"section\" data-e-type=\"section\">\n\t\t\t\t\t\t<div class=\"elementor-container elementor-column-gap-default\">\n\t\t\t\t\t<div class=\"elementor-column elementor-col-100 elementor-top-column elementor-element elementor-element-800bc42\" data-id=\"800bc42\" data-element_type=\"column\" data-e-type=\"column\">\n\t\t\t<div class=\"elementor-widget-wrap elementor-element-populated\">\n\t\t\t\t\t\t<div class=\"elementor-element elementor-element-17e76848 elementor-widget elementor-widget-text-editor\" data-id=\"17e76848\" data-element_type=\"widget\" data-e-type=\"widget\" data-widget_type=\"text-editor.default\">\n\t\t\t\t<div class=\"elementor-widget-container\">\n\t\t\t\t\t\t\t\t\t\n<div id=\"wp-block-themeisle-blocks-advanced-columns-9912998c\" class=\"wp-block-themeisle-blocks-advanced-columns has-0-columns has-desktop-undefined-layout has-tablet-equal-layout has-mobile-equal-layout has-vertical-unset\"><div class=\"wp-block-themeisle-blocks-advanced-columns-overlay\"><\/div><div class=\"innerblocks-wrap\"><\/div><\/div>\n\t\t\t\t\t\t\t\t<\/div>\n\t\t\t\t<\/div>\n\t\t\t\t\t<\/div>\n\t\t<\/div>\n\t\t\t\t\t<\/div>\n\t\t<\/section>\n\t\t\t\t<section class=\"elementor-section elementor-top-section elementor-element elementor-element-11127662 elementor-section-boxed elementor-section-height-default elementor-section-height-default\" data-id=\"11127662\" data-element_type=\"section\" data-e-type=\"section\" data-settings=\"{&quot;background_background&quot;:&quot;classic&quot;,&quot;shape_divider_top&quot;:&quot;waves&quot;}\">\n\t\t\t\t\t\t\t<div class=\"elementor-background-overlay\"><\/div>\n\t\t\t\t\t\t<div class=\"elementor-shape elementor-shape-top\" aria-hidden=\"true\" data-negative=\"false\">\n\t\t\t<svg xmlns=\"http:\/\/www.w3.org\/2000\/svg\" viewBox=\"0 0 1000 100\" preserveAspectRatio=\"none\">\n\t<path class=\"elementor-shape-fill\" d=\"M421.9,6.5c22.6-2.5,51.5,0.4,75.5,5.3c23.6,4.9,70.9,23.5,100.5,35.7c75.8,32.2,133.7,44.5,192.6,49.7\n\tc23.6,2.1,48.7,3.5,103.4-2.5c54.7-6,106.2-25.6,106.2-25.6V0H0v30.3c0,0,72,32.6,158.4,30.5c39.2-0.7,92.8-6.7,134-22.4\n\tc21.2-8.1,52.2-18.2,79.7-24.2C399.3,7.9,411.6,7.5,421.9,6.5z\"\/>\n<\/svg>\t\t<\/div>\n\t\t\t\t\t<div class=\"elementor-container elementor-column-gap-default\">\n\t\t\t\t\t<div class=\"elementor-column elementor-col-100 elementor-top-column elementor-element elementor-element-6aee7136\" data-id=\"6aee7136\" data-element_type=\"column\" data-e-type=\"column\">\n\t\t\t<div class=\"elementor-widget-wrap elementor-element-populated\">\n\t\t\t\t\t<div class=\"elementor-background-overlay\"><\/div>\n\t\t\t\t\t\t<section class=\"elementor-section elementor-inner-section elementor-element elementor-element-7a271c04 elementor-section-boxed elementor-section-height-default elementor-section-height-default\" data-id=\"7a271c04\" data-element_type=\"section\" data-e-type=\"section\">\n\t\t\t\t\t\t<div class=\"elementor-container elementor-column-gap-default\">\n\t\t\t\t\t<div class=\"elementor-column elementor-col-100 elementor-inner-column elementor-element elementor-element-5a09b22e\" data-id=\"5a09b22e\" data-element_type=\"column\" data-e-type=\"column\">\n\t\t\t<div class=\"elementor-widget-wrap elementor-element-populated\">\n\t\t\t\t\t\t\t<\/div>\n\t\t<\/div>\n\t\t\t\t\t<\/div>\n\t\t<\/section>\n\t\t\t\t<div class=\"elementor-element elementor-element-29d6cef5 elementor-widget elementor-widget-text-editor\" data-id=\"29d6cef5\" data-element_type=\"widget\" data-e-type=\"widget\" data-widget_type=\"text-editor.default\">\n\t\t\t\t<div class=\"elementor-widget-container\">\n\t\t\t\t\t\t\t\t\t<div class=\"container index-heading-wrapper \">\n<h1><span style=\"color: #ffffff;\">Datenschutzerkl\u00e4rung<\/span><\/h1>\n<\/div>\n<div class=\"container link-content \">\n<p><span style=\"color: #ffffff;\">Die Nutzung unserer Webseite ist in der Regel ohne Angabe personenbezogener Daten m\u00f6glich. Soweit auf unseren Seiten personenbezogene Daten (beispielsweise Name, Anschrift oder eMail-Adressen) erhoben werden, erfolgt dies, soweit m\u00f6glich, stets auf freiwilliger Basis. Diese Daten werden ohne Ihre ausdr\u00fcckliche Zustimmung nicht an Dritte weitergegeben.<\/span><br \/><span style=\"color: #ffffff;\">Wir weisen darauf hin, dass die Daten\u00fcbertragung im Internet (z.B. bei der Kommunikation per E-Mail) Sicherheitsl\u00fccken aufweisen kann. Ein l\u00fcckenloser Schutz der Daten vor dem Zugriff durch Dritte ist nicht m\u00f6glich.<\/span><br \/><span style=\"color: #ffffff;\">Der Nutzung von im Rahmen der Impressumspflicht ver\u00f6ffentlichten Kontaktdaten durch Dritte zur \u00dcbersendung von nicht ausdr\u00fccklich angeforderter Werbung und Informationsmaterialien wird hiermit ausdr\u00fccklich widersprochen. Die Betreiber der Seiten behalten sich ausdr\u00fccklich rechtliche Schritte im Falle der unverlangten Zusendung von Werbeinformationen, etwa durch Spam-Mails, vor.<\/span><\/p>\n<\/div>\t\t\t\t\t\t\t\t<\/div>\n\t\t\t\t<\/div>\n\t\t\t\t\t<\/div>\n\t\t<\/div>\n\t\t\t\t\t<\/div>\n\t\t<\/section>\n\t\t\t\t<section class=\"elementor-section elementor-top-section elementor-element elementor-element-779c9b25 elementor-section-boxed elementor-section-height-default elementor-section-height-default\" data-id=\"779c9b25\" data-element_type=\"section\" data-e-type=\"section\" data-settings=\"{&quot;background_background&quot;:&quot;classic&quot;}\">\n\t\t\t\t\t\t<div class=\"elementor-container elementor-column-gap-default\">\n\t\t\t\t\t<div class=\"elementor-column elementor-col-100 elementor-top-column elementor-element elementor-element-59e9a2ca\" data-id=\"59e9a2ca\" data-element_type=\"column\" data-e-type=\"column\">\n\t\t\t<div class=\"elementor-widget-wrap elementor-element-populated\">\n\t\t\t\t\t\t<div class=\"elementor-element elementor-element-9895168 elementor-widget elementor-widget-text-editor\" data-id=\"9895168\" data-element_type=\"widget\" data-e-type=\"widget\" data-widget_type=\"text-editor.default\">\n\t\t\t\t<div class=\"elementor-widget-container\">\n\t\t\t\t\t\t\t\t\t<p><span style=\"color: #ffffff;\"><strong>Klarna \/ Billpay<\/strong><\/span><\/p>\n<p><span style=\"color: #ffffff;\">Um Ihnen die Zahlungsmethoden von Klarna anbieten zu k\u00f6nnen, kann es sein, dass wir im Kassiervorgang Ihre personenbezogenen Daten in Form von Kontakt- und Bestelldaten an Klarna weitergeben, damit Klarna pr\u00fcfen kann, ob Sie f\u00fcr die Zahlungsmethoden von Klarna in Frage kommen und Klarna die Zahlungsmethoden auf Sie zuschneiden kann. Ihre \u00fcbermittelten personenbezogenen Daten werden im Einklang mit der\u00a0<a style=\"color: #ffffff;\" href=\"https:\/\/www.klarna.com\/international\/privacy-policy\/\" target=\"_blank\" rel=\"noopener\">Klarna Datenschutzerkl\u00e4rung<\/a>\u00a0verarbeitet.<\/span><\/p>\n<p><span style=\"color: #ffffff;\"><b>Billpays\/Klarnas Zahlungsoptionen:<\/b>\u00a0Um Ihnen die Zahlungsoptionen von Klarna anbieten zu k\u00f6nnen und um beurteilen zu k\u00f6nnen, ob Sie f\u00fcr deren Zahlungsoptionen in Frage kommen und um die Zahlungsoptionen f\u00fcr Sie ma\u00dfzuschneidern, kann es sein, dass wir im Kassiervorgang Ihre personenbezogenen Daten in Form von Kontakt- und Bestelldaten an Klarna und Billpay weitergeben. Ihre personenbezogenen Daten werden in \u00dcbereinstimmung mit den anwendbaren Datenschutzgesetzen und gem\u00e4\u00df den Informationen in den Datenschutzerkl\u00e4rungen von Klarna [<a style=\"color: #ffffff;\" href=\"https:\/\/cdn.klarna.com\/1.0\/shared\/content\/legal\/terms\/0\/de_ch\/privacy_bp\" target=\"_blank\" rel=\"noopener\">de<\/a>,\u00a0<a style=\"color: #ffffff;\" href=\"https:\/\/cdn.klarna.com\/1.0\/shared\/content\/legal\/terms\/0\/fr_ch\/privacy_bp\" target=\"_blank\" rel=\"noopener\">fr<\/a>,\u00a0<a style=\"color: #ffffff;\" href=\"https:\/\/cdn.klarna.com\/1.0\/shared\/content\/legal\/terms\/0\/it_ch\/privacy_bp\" target=\"_blank\" rel=\"noopener\">it<\/a>\u00a0oder\u00a0<a style=\"color: #ffffff;\" href=\"https:\/\/cdn.klarna.com\/1.0\/shared\/content\/legal\/terms\/0\/en_ch\/privacy_bp\" target=\"_blank\" rel=\"noopener\">en<\/a>\u00a0Versionen] und Billpay [<a style=\"color: #ffffff;\" href=\"https:\/\/cdn.klarna.com\/1.0\/shared\/content\/legal\/terms\/0\/de_ch\/invoice\" target=\"_blank\" rel=\"noopener\">de<\/a>,\u00a0<a style=\"color: #ffffff;\" href=\"https:\/\/cdn.klarna.com\/1.0\/shared\/content\/legal\/terms\/EID\/fr_ch\/invoice?fee=0\" target=\"_blank\" rel=\"noopener\">fr<\/a>,\u00a0<a style=\"color: #ffffff;\" href=\"https:\/\/cdn.klarna.com\/1.0\/shared\/content\/legal\/terms\/EID\/it_ch\/invoice?fee=0\" target=\"_blank\" rel=\"noopener\">it<\/a>\u00a0oder\u00a0<a style=\"color: #ffffff;\" href=\"https:\/\/cdn.klarna.com\/1.0\/shared\/content\/legal\/terms\/EID\/en_ch\/invoice?fee=0\" target=\"_blank\" rel=\"noopener\">en<\/a>\u00a0Versionen] behandelt.<\/span><\/p>\n<p><span style=\"color: #ffffff;\"><strong>Google Analytics<\/strong><\/span><\/p>\n<p><span style=\"color: #ffffff;\">Diese Website benutzt Google Analytics, einen Webanalysedienst der Google Inc. (&#8220;Google&#8220;). Google Analytics verwendet sog. &#8220;Cookies&#8220;, Textdateien, die auf Ihrem Computer gespeichert werden und die eine Analyse der Benutzung der Website durch Sie erm\u00f6glicht. Die durch den Cookie erzeugten Informationen \u00fcber Ihre Benutzung dieser Website (einschlie\u00dflich Ihrer IP-Adresse) wird an einen Server von Google in den USA \u00fcbertragen und dort gespeichert. Google wird diese Informationen benutzen, um Ihre Nutzung der Website auszuwerten, um Reports \u00fcber die Websiteaktivit\u00e4ten f\u00fcr die Websitebetreiber zusammenzustellen und um weitere mit der Websitenutzung und der Internetnutzung verbundene Dienstleistungen zu erbringen. Auch wird Google diese Informationen gegebenenfalls an Dritte \u00fcbertragen, sofern dies gesetzlich vorgeschrieben oder soweit Dritte diese Daten im Auftrag von Google verarbeiten. Google wird in keinem Fall Ihre IP-Adresse mit anderen Daten der Google in Verbindung bringen. Sie k\u00f6nnen die Installation der Cookies durch eine entsprechende Einstellung Ihrer Browser Software verhindern; wir weisen Sie jedoch darauf hin, dass Sie in diesem Fall gegebenenfalls nicht s\u00e4mtliche Funktionen dieser Website voll umf\u00e4nglich nutzen k\u00f6nnen. Durch die Nutzung dieser Website erkl\u00e4ren Sie sich mit der Bearbeitung der \u00fcber Sie erhobenen Daten durch Google in der zuvor beschriebenen Art und Weise und zu dem zuvor benannten Zweck einverstanden.<\/span><\/p>\n<p><span style=\"color: #ffffff;\"><strong>Google AdSense<\/strong><\/span><\/p>\n<p><span style=\"color: #ffffff;\">Diese Website benutzt Google Adsense, einen Webanzeigendienst der Google Inc., USA (&#8220;Google&#8220;). Google Adsense verwendet sog. &#8220;Cookies&#8220; (Textdateien), die auf Ihrem Computer gespeichert werden und die eine Analyse der Benutzung der Website durch Sie erm\u00f6glicht. Google Adsense verwendet auch sog. &#8220;Web Beacons&#8220; (kleine unsichtbare Grafiken) zur Sammlung von Informationen. Durch die Verwendung des Web Beacons k\u00f6nnen einfache Aktionen wie der Besucherverkehr auf der Webseite aufgezeichnet und gesammelt werden. Die durch den Cookie und\/oder Web Beacon erzeugten Informationen \u00fcber Ihre Benutzung dieser Website (einschlie\u00dflich Ihrer IP-Adresse) werden an einen Server von Google in den USA \u00fcbertragen und dort gespeichert. Google wird diese Informationen benutzen, um Ihre Nutzung der Website im Hinblick auf die Anzeigen auszuwerten, um Reports \u00fcber die Websiteaktivit\u00e4ten und Anzeigen f\u00fcr die Websitebetreiber zusammenzustellen und um weitere mit der Websitenutzung und der Internetnutzung verbundene Dienstleistungen zu erbringen. Auch wird Google diese Informationen gegebenenfalls an Dritte \u00fcbertragen, sofern dies gesetzlich vorgeschrieben oder soweit Dritte diese Daten im Auftrag von Google verarbeiten. Google wird in keinem Fall Ihre IP-Adresse mit anderen Daten der Google in Verbindung bringen. Das Speichern von Cookies auf Ihrer Festplatte und die Anzeige von Web Beacons k\u00f6nnen Sie verhindern, indem Sie in Ihren Browser-Einstellungen &#8220;keine Cookies akzeptieren&#8220; w\u00e4hlen (Im MS Internet-Explorer unter &#8220;Extras &gt; Internetoptionen &gt; Datenschutz &gt; Einstellung&#8220;; im Firefox unter &#8220;Extras &gt; Einstellungen &gt; Datenschutz &gt; Cookies&#8220;); wir weisen Sie jedoch darauf hin, dass Sie in diesem Fall gegebenenfalls nicht s\u00e4mtliche Funktionen dieser Website voll umf\u00e4nglich nutzen k\u00f6nnen. Durch die Nutzung dieser Website erkl\u00e4ren Sie sich mit der Bearbeitung der \u00fcber Sie erhobenen Daten durch Google in der zuvor beschriebenen Art und Weise und zu dem zuvor benannten Zweck einverstanden.<\/span><\/p>\n<p><span style=\"color: #ffffff;\">Datenschutzerkl\u00e4rung von der\u00a0<a style=\"color: #ffffff;\" href=\"https:\/\/www.kanzlei-hasselbach.de\/\">Kanzlei Hasselbach, Rechtsanw\u00e4lte f\u00fcr Arbeitsrecht und Familienrecht<\/a><\/span><\/p>\t\t\t\t\t\t\t\t<\/div>\n\t\t\t\t<\/div>\n\t\t\t\t\t<\/div>\n\t\t<\/div>\n\t\t\t\t\t<\/div>\n\t\t<\/section>\n\t\t\t\t<section class=\"elementor-section elementor-top-section elementor-element elementor-element-5db2077f elementor-section-boxed elementor-section-height-default elementor-section-height-default\" data-id=\"5db2077f\" data-element_type=\"section\" data-e-type=\"section\">\n\t\t\t\t\t\t<div class=\"elementor-container elementor-column-gap-default\">\n\t\t\t\t\t<div class=\"elementor-column elementor-col-100 elementor-top-column elementor-element elementor-element-26bac833\" data-id=\"26bac833\" data-element_type=\"column\" data-e-type=\"column\">\n\t\t\t<div class=\"elementor-widget-wrap\">\n\t\t\t\t\t\t\t<\/div>\n\t\t<\/div>\n\t\t\t\t\t<\/div>\n\t\t<\/section>\n\t\t\t\t<\/div>\n\t\t","protected":false},"excerpt":{"rendered":"<p>Datenschutzerkl\u00e4rung Die Nutzung unserer Webseite ist in der Regel ohne Angabe personenbezogener Daten m\u00f6glich. Soweit auf unseren Seiten personenbezogene Daten (beispielsweise Name, Anschrift oder eMail-Adressen) erhoben werden, erfolgt dies, soweit m\u00f6glich, stets auf freiwilliger Basis. Diese Daten werden ohne Ihre ausdr\u00fcckliche Zustimmung nicht an Dritte weitergegeben.Wir weisen darauf hin, dass die Daten\u00fcbertragung im Internet (z.B. [&hellip;]<\/p>\n","protected":false},"author":1,"featured_media":0,"parent":0,"menu_order":0,"comment_status":"closed","ping_status":"closed","template":"elementor_header_footer","meta":{"footnotes":""},"class_list":["post-271","page","type-page","status-publish","hentry","entry"],"yoast_head":"<!-- This site is optimized with the Yoast SEO Premium plugin v23.1 (Yoast SEO v27.4) - https:\/\/yoast.com\/product\/yoast-seo-premium-wordpress\/ -->\n<title>Datenschutz - Poolfolien.online<\/title>\n<meta name=\"description\" content=\"Mit unserem Online-Konfigurator, bestellen Sie Ihre neue Poolfolie in 3 Minuten! Jetzt ausprobieren, auch ohne Anmeldung!\" \/>\n<meta name=\"robots\" content=\"index, follow, max-snippet:-1, max-image-preview:large, max-video-preview:-1\" \/>\n<link rel=\"canonical\" href=\"https:\/\/poolfolien.online\/?page_id=271\" \/>\n<meta property=\"og:locale\" content=\"de_DE\" \/>\n<meta property=\"og:type\" content=\"article\" \/>\n<meta property=\"og:title\" content=\"Datenschutz\" \/>\n<meta property=\"og:description\" content=\"Mit unserem Online-Konfigurator, bestellen Sie Ihre neue Poolfolie in 3 Minuten! Jetzt ausprobieren, auch ohne Anmeldung!\" \/>\n<meta property=\"og:url\" content=\"https:\/\/poolfolien.online\/?page_id=271\" \/>\n<meta property=\"og:site_name\" content=\"Poolfolien.online\" \/>\n<meta property=\"article:publisher\" content=\"https:\/\/www.facebook.com\/profile.php?id=100088498114341\" \/>\n<meta property=\"article:modified_time\" content=\"2023-03-15T09:58:45+00:00\" \/>\n<meta name=\"twitter:card\" content=\"summary_large_image\" \/>\n<meta name=\"twitter:label1\" content=\"Gesch\u00e4tzte Lesezeit\" \/>\n\t<meta name=\"twitter:data1\" content=\"5\u00a0Minuten\" \/>\n<script type=\"application\/ld+json\" class=\"yoast-schema-graph\">{\"@context\":\"https:\\\/\\\/schema.org\",\"@graph\":[{\"@type\":\"WebPage\",\"@id\":\"https:\\\/\\\/poolfolien.online\\\/?page_id=271\",\"url\":\"https:\\\/\\\/poolfolien.online\\\/?page_id=271\",\"name\":\"Datenschutz - Poolfolien.online\",\"isPartOf\":{\"@id\":\"https:\\\/\\\/poolfolien.online\\\/#website\"},\"datePublished\":\"2023-01-19T11:03:30+00:00\",\"dateModified\":\"2023-03-15T09:58:45+00:00\",\"description\":\"Mit unserem Online-Konfigurator, bestellen Sie Ihre neue Poolfolie in 3 Minuten! Jetzt ausprobieren, auch ohne Anmeldung!\",\"breadcrumb\":{\"@id\":\"https:\\\/\\\/poolfolien.online\\\/?page_id=271#breadcrumb\"},\"inLanguage\":\"de\",\"potentialAction\":[{\"@type\":\"ReadAction\",\"target\":[\"https:\\\/\\\/poolfolien.online\\\/?page_id=271\"]}]},{\"@type\":\"BreadcrumbList\",\"@id\":\"https:\\\/\\\/poolfolien.online\\\/?page_id=271#breadcrumb\",\"itemListElement\":[{\"@type\":\"ListItem\",\"position\":1,\"name\":\"Home\",\"item\":\"https:\\\/\\\/poolfolien.online\\\/\"},{\"@type\":\"ListItem\",\"position\":2,\"name\":\"Datenschutz\"}]},{\"@type\":\"WebSite\",\"@id\":\"https:\\\/\\\/poolfolien.online\\\/#website\",\"url\":\"https:\\\/\\\/poolfolien.online\\\/\",\"name\":\"Poolfolien.online\",\"description\":\"Poolfolien bequem &amp; direkt bestellen\",\"publisher\":{\"@id\":\"https:\\\/\\\/poolfolien.online\\\/#organization\"},\"potentialAction\":[{\"@type\":\"SearchAction\",\"target\":{\"@type\":\"EntryPoint\",\"urlTemplate\":\"https:\\\/\\\/poolfolien.online\\\/?s={search_term_string}\"},\"query-input\":{\"@type\":\"PropertyValueSpecification\",\"valueRequired\":true,\"valueName\":\"search_term_string\"}}],\"inLanguage\":\"de\"},{\"@type\":\"Organization\",\"@id\":\"https:\\\/\\\/poolfolien.online\\\/#organization\",\"name\":\"Poolfolien Online\",\"url\":\"https:\\\/\\\/poolfolien.online\\\/\",\"logo\":{\"@type\":\"ImageObject\",\"inLanguage\":\"de\",\"@id\":\"https:\\\/\\\/poolfolien.online\\\/#\\\/schema\\\/logo\\\/image\\\/\",\"url\":\"https:\\\/\\\/chrea0.n3cdn1.secureserver.net\\\/wp-content\\\/uploads\\\/2023\\\/02\\\/Poolfolien_Favicon.png?time=1677505296\",\"contentUrl\":\"https:\\\/\\\/chrea0.n3cdn1.secureserver.net\\\/wp-content\\\/uploads\\\/2023\\\/02\\\/Poolfolien_Favicon.png?time=1677505296\",\"width\":373,\"height\":544,\"caption\":\"Poolfolien Online\"},\"image\":{\"@id\":\"https:\\\/\\\/poolfolien.online\\\/#\\\/schema\\\/logo\\\/image\\\/\"},\"sameAs\":[\"https:\\\/\\\/www.facebook.com\\\/profile.php?id=100088498114341\"]}]}<\/script>\n<!-- \/ Yoast SEO Premium plugin. -->","yoast_head_json":{"title":"Datenschutz - Poolfolien.online","description":"Mit unserem Online-Konfigurator, bestellen Sie Ihre neue Poolfolie in 3 Minuten! Jetzt ausprobieren, auch ohne Anmeldung!","robots":{"index":"index","follow":"follow","max-snippet":"max-snippet:-1","max-image-preview":"max-image-preview:large","max-video-preview":"max-video-preview:-1"},"canonical":"https:\/\/poolfolien.online\/?page_id=271","og_locale":"de_DE","og_type":"article","og_title":"Datenschutz","og_description":"Mit unserem Online-Konfigurator, bestellen Sie Ihre neue Poolfolie in 3 Minuten! Jetzt ausprobieren, auch ohne Anmeldung!","og_url":"https:\/\/poolfolien.online\/?page_id=271","og_site_name":"Poolfolien.online","article_publisher":"https:\/\/www.facebook.com\/profile.php?id=100088498114341","article_modified_time":"2023-03-15T09:58:45+00:00","twitter_card":"summary_large_image","twitter_misc":{"Gesch\u00e4tzte Lesezeit":"5\u00a0Minuten"},"schema":{"@context":"https:\/\/schema.org","@graph":[{"@type":"WebPage","@id":"https:\/\/poolfolien.online\/?page_id=271","url":"https:\/\/poolfolien.online\/?page_id=271","name":"Datenschutz - Poolfolien.online","isPartOf":{"@id":"https:\/\/poolfolien.online\/#website"},"datePublished":"2023-01-19T11:03:30+00:00","dateModified":"2023-03-15T09:58:45+00:00","description":"Mit unserem Online-Konfigurator, bestellen Sie Ihre neue Poolfolie in 3 Minuten! Jetzt ausprobieren, auch ohne Anmeldung!","breadcrumb":{"@id":"https:\/\/poolfolien.online\/?page_id=271#breadcrumb"},"inLanguage":"de","potentialAction":[{"@type":"ReadAction","target":["https:\/\/poolfolien.online\/?page_id=271"]}]},{"@type":"BreadcrumbList","@id":"https:\/\/poolfolien.online\/?page_id=271#breadcrumb","itemListElement":[{"@type":"ListItem","position":1,"name":"Home","item":"https:\/\/poolfolien.online\/"},{"@type":"ListItem","position":2,"name":"Datenschutz"}]},{"@type":"WebSite","@id":"https:\/\/poolfolien.online\/#website","url":"https:\/\/poolfolien.online\/","name":"Poolfolien.online","description":"Poolfolien bequem &amp; direkt bestellen","publisher":{"@id":"https:\/\/poolfolien.online\/#organization"},"potentialAction":[{"@type":"SearchAction","target":{"@type":"EntryPoint","urlTemplate":"https:\/\/poolfolien.online\/?s={search_term_string}"},"query-input":{"@type":"PropertyValueSpecification","valueRequired":true,"valueName":"search_term_string"}}],"inLanguage":"de"},{"@type":"Organization","@id":"https:\/\/poolfolien.online\/#organization","name":"Poolfolien Online","url":"https:\/\/poolfolien.online\/","logo":{"@type":"ImageObject","inLanguage":"de","@id":"https:\/\/poolfolien.online\/#\/schema\/logo\/image\/","url":"https:\/\/chrea0.n3cdn1.secureserver.net\/wp-content\/uploads\/2023\/02\/Poolfolien_Favicon.png?time=1677505296","contentUrl":"https:\/\/chrea0.n3cdn1.secureserver.net\/wp-content\/uploads\/2023\/02\/Poolfolien_Favicon.png?time=1677505296","width":373,"height":544,"caption":"Poolfolien Online"},"image":{"@id":"https:\/\/poolfolien.online\/#\/schema\/logo\/image\/"},"sameAs":["https:\/\/www.facebook.com\/profile.php?id=100088498114341"]}]}},"_links":{"self":[{"href":"https:\/\/poolfolien.online\/index.php?rest_route=\/wp\/v2\/pages\/271","targetHints":{"allow":["GET"]}}],"collection":[{"href":"https:\/\/poolfolien.online\/index.php?rest_route=\/wp\/v2\/pages"}],"about":[{"href":"https:\/\/poolfolien.online\/index.php?rest_route=\/wp\/v2\/types\/page"}],"author":[{"embeddable":true,"href":"https:\/\/poolfolien.online\/index.php?rest_route=\/wp\/v2\/users\/1"}],"replies":[{"embeddable":true,"href":"https:\/\/poolfolien.online\/index.php?rest_route=%2Fwp%2Fv2%2Fcomments&post=271"}],"version-history":[{"count":7,"href":"https:\/\/poolfolien.online\/index.php?rest_route=\/wp\/v2\/pages\/271\/revisions"}],"predecessor-version":[{"id":1530,"href":"https:\/\/poolfolien.online\/index.php?rest_route=\/wp\/v2\/pages\/271\/revisions\/1530"}],"wp:attachment":[{"href":"https:\/\/poolfolien.online\/index.php?rest_route=%2Fwp%2Fv2%2Fmedia&parent=271"}],"curies":[{"name":"wp","href":"https:\/\/api.w.org\/{rel}","templated":true}]}}