{"id":262,"date":"2023-01-19T11:03:28","date_gmt":"2023-01-19T11:03:28","guid":{"rendered":"https:\/\/poolfolien.online\/?page_id=262"},"modified":"2023-03-15T14:12:01","modified_gmt":"2023-03-15T14:12:01","slug":"widerrufsrecht","status":"publish","type":"page","link":"https:\/\/poolfolien.online\/?page_id=262","title":{"rendered":"Widerrufsrecht"},"content":{"rendered":"\t\t<div data-elementor-type=\"wp-page\" data-elementor-id=\"262\" class=\"elementor elementor-262\" data-elementor-post-type=\"page\">\n\t\t\t\t\t\t<section class=\"elementor-section elementor-top-section elementor-element elementor-element-fc35646 elementor-section-boxed elementor-section-height-default elementor-section-height-default\" data-id=\"fc35646\" data-element_type=\"section\" data-e-type=\"section\">\n\t\t\t\t\t\t<div class=\"elementor-container elementor-column-gap-default\">\n\t\t\t\t\t<div class=\"elementor-column elementor-col-100 elementor-top-column elementor-element elementor-element-54d3019\" data-id=\"54d3019\" data-element_type=\"column\" data-e-type=\"column\">\n\t\t\t<div class=\"elementor-widget-wrap elementor-element-populated\">\n\t\t\t\t\t\t<div class=\"elementor-element elementor-element-bef6247 elementor-widget elementor-widget-image\" data-id=\"bef6247\" data-element_type=\"widget\" data-e-type=\"widget\" data-widget_type=\"image.default\">\n\t\t\t\t<div class=\"elementor-widget-container\">\n\t\t\t\t\t\t\t\t\t\t\t\t\t\t\t\t<a href=\"https:\/\/poolfolien.online\/\">\n\t\t\t\t\t\t\t<img decoding=\"async\" width=\"300\" height=\"83\" src=\"https:\/\/poolfolien.online\/wp-content\/uploads\/2023\/01\/cropped-Poolfolien_Logo-removebg-preview-1-300x83.png\" class=\"attachment-medium size-medium wp-image-1360\" alt=\"Poolfolien Online\" srcset=\"https:\/\/poolfolien.online\/wp-content\/uploads\/2023\/01\/cropped-Poolfolien_Logo-removebg-preview-1-300x83.png 300w, https:\/\/poolfolien.online\/wp-content\/uploads\/2023\/01\/cropped-Poolfolien_Logo-removebg-preview-1-768x211.png 768w, https:\/\/poolfolien.online\/wp-content\/uploads\/2023\/01\/cropped-Poolfolien_Logo-removebg-preview-1.png 941w\" sizes=\"(max-width: 300px) 100vw, 300px\" \/>\t\t\t\t\t\t\t\t<\/a>\n\t\t\t\t\t\t\t\t\t\t\t\t\t\t\t<\/div>\n\t\t\t\t<\/div>\n\t\t\t\t\t<\/div>\n\t\t<\/div>\n\t\t\t\t\t<\/div>\n\t\t<\/section>\n\t\t\t\t<section class=\"elementor-section elementor-top-section elementor-element elementor-element-3ae7f178 elementor-section-boxed elementor-section-height-default elementor-section-height-default\" data-id=\"3ae7f178\" data-element_type=\"section\" data-e-type=\"section\">\n\t\t\t\t\t\t<div class=\"elementor-container elementor-column-gap-default\">\n\t\t\t\t\t<div class=\"elementor-column elementor-col-100 elementor-top-column elementor-element elementor-element-e10411b\" data-id=\"e10411b\" data-element_type=\"column\" data-e-type=\"column\">\n\t\t\t<div class=\"elementor-widget-wrap elementor-element-populated\">\n\t\t\t\t\t\t<div class=\"elementor-element elementor-element-3b29a0ea elementor-widget elementor-widget-text-editor\" data-id=\"3b29a0ea\" data-element_type=\"widget\" data-e-type=\"widget\" data-widget_type=\"text-editor.default\">\n\t\t\t\t<div class=\"elementor-widget-container\">\n\t\t\t\t\t\t\t\t\t\n<div id=\"wp-block-themeisle-blocks-advanced-columns-9912998c\" class=\"wp-block-themeisle-blocks-advanced-columns has-0-columns has-desktop-undefined-layout has-tablet-equal-layout has-mobile-equal-layout has-vertical-unset\"><div class=\"wp-block-themeisle-blocks-advanced-columns-overlay\"><\/div><div class=\"innerblocks-wrap\"><\/div><\/div>\n\t\t\t\t\t\t\t\t<\/div>\n\t\t\t\t<\/div>\n\t\t\t\t\t<\/div>\n\t\t<\/div>\n\t\t\t\t\t<\/div>\n\t\t<\/section>\n\t\t\t\t<section class=\"elementor-section elementor-top-section elementor-element elementor-element-57405745 elementor-section-boxed elementor-section-height-default elementor-section-height-default\" data-id=\"57405745\" data-element_type=\"section\" data-e-type=\"section\" data-settings=\"{&quot;background_background&quot;:&quot;classic&quot;,&quot;shape_divider_top&quot;:&quot;waves&quot;}\">\n\t\t\t\t\t\t\t<div class=\"elementor-background-overlay\"><\/div>\n\t\t\t\t\t\t<div class=\"elementor-shape elementor-shape-top\" aria-hidden=\"true\" data-negative=\"false\">\n\t\t\t<svg xmlns=\"http:\/\/www.w3.org\/2000\/svg\" viewBox=\"0 0 1000 100\" preserveAspectRatio=\"none\">\n\t<path class=\"elementor-shape-fill\" d=\"M421.9,6.5c22.6-2.5,51.5,0.4,75.5,5.3c23.6,4.9,70.9,23.5,100.5,35.7c75.8,32.2,133.7,44.5,192.6,49.7\n\tc23.6,2.1,48.7,3.5,103.4-2.5c54.7-6,106.2-25.6,106.2-25.6V0H0v30.3c0,0,72,32.6,158.4,30.5c39.2-0.7,92.8-6.7,134-22.4\n\tc21.2-8.1,52.2-18.2,79.7-24.2C399.3,7.9,411.6,7.5,421.9,6.5z\"\/>\n<\/svg>\t\t<\/div>\n\t\t\t\t\t<div class=\"elementor-container elementor-column-gap-default\">\n\t\t\t\t\t<div class=\"elementor-column elementor-col-100 elementor-top-column elementor-element elementor-element-7fcb58ca\" data-id=\"7fcb58ca\" data-element_type=\"column\" data-e-type=\"column\">\n\t\t\t<div class=\"elementor-widget-wrap elementor-element-populated\">\n\t\t\t\t\t<div class=\"elementor-background-overlay\"><\/div>\n\t\t\t\t\t\t<section class=\"elementor-section elementor-inner-section elementor-element elementor-element-4278d5f4 elementor-section-boxed elementor-section-height-default elementor-section-height-default\" data-id=\"4278d5f4\" data-element_type=\"section\" data-e-type=\"section\">\n\t\t\t\t\t\t<div class=\"elementor-container elementor-column-gap-default\">\n\t\t\t\t\t<div class=\"elementor-column elementor-col-100 elementor-inner-column elementor-element elementor-element-1f85ce82\" data-id=\"1f85ce82\" data-element_type=\"column\" data-e-type=\"column\">\n\t\t\t<div class=\"elementor-widget-wrap elementor-element-populated\">\n\t\t\t\t\t\t\t<\/div>\n\t\t<\/div>\n\t\t\t\t\t<\/div>\n\t\t<\/section>\n\t\t\t\t<div class=\"elementor-element elementor-element-50813a6b elementor-widget elementor-widget-text-editor\" data-id=\"50813a6b\" data-element_type=\"widget\" data-e-type=\"widget\" data-widget_type=\"text-editor.default\">\n\t\t\t\t<div class=\"elementor-widget-container\">\n\t\t\t\t\t\t\t\t\t<p><span style=\"color: #ffffff;\">Sie haben das Recht, binnen vierzehn Tagen ohne Angabe von Gr\u00fcnden diesen Vertrag zu widerrufen.<\/span><\/p>\n<p><\/p>\n<p><span style=\"color: #ffffff;\">Die Widerrufsfrist betr\u00e4gt vierzehn Tage ab dem Tag, an dem Sie oder ein von Ihnen benannter Dritter, der nicht der Bef\u00f6rderer ist, die Waren in Besitz genommen haben bzw. hat.<\/span><\/p>\n<p><\/p>\n<p><span style=\"color: #ffffff;\">Um Ihr Widerrufsrecht auszu\u00fcben, m\u00fcssen Sie uns (<i>Pools Direct Ransom Schwimmbadtechnik GmbH, Schulstrasse 2, 91320 Ebermannstadt, info (at) poolfolien.online )&nbsp;<\/i>mittels einer eindeutigen Erkl\u00e4rung (z.B. ein mit der Post versandter Brief&nbsp;oder E-Mail) \u00fcber Ihren Entschluss, diesen Vertrag zu widerrufen, informieren. Sie k\u00f6nnen daf\u00fcr das beigef\u00fcgte Muster-Widerrufsformular verwenden, das jedoch nicht vorgeschrieben ist.<\/span><\/p>\n<p><\/p>\n<p><span style=\"color: #ffffff;\">Zur Wahrung der Widerrufsfrist reicht es aus, dass Sie die Mitteilung \u00fcber die Aus\u00fcbung des Widerrufsrechts vor Ablauf der Widerrufsfrist absenden.<\/span><\/p>\n<p><\/p>\n<p><span style=\"color: #ffffff;\"><b>Folgen des Widerrufs<\/b><\/span><\/p>\n<p><\/p>\n<p><span style=\"color: #ffffff;\">Wenn Sie diesen Vertrag widerrufen, haben wir Ihnen alle Zahlungen, die wir von Ihnen erhalten haben, einschlie\u00dflich der Lieferkosten (mit Ausnahme der zus\u00e4tzlichen Kosten, die sich daraus ergeben, dass Sie eine andere Art der Lieferung als die von uns angebotene, g\u00fcnstigste Standardlieferung gew\u00e4hlt haben), unverz\u00fcglich und sp\u00e4testens binnen vierzehn Tagen ab dem Tag zur\u00fcckzuzahlen, an dem die Mitteilung \u00fcber Ihren Widerruf dieses Vertrags bei uns eingegangen ist. F\u00fcr diese R\u00fcckzahlung verwenden wir dasselbe Zahlungsmittel, das Sie bei der urspr\u00fcnglichen Transaktion eingesetzt haben, es sei denn, mit Ihnen wurde ausdr\u00fccklich etwas anderes vereinbart; in keinem Fall werden Ihnen wegen dieser R\u00fcckzahlung Entgelte berechnet. Sie tragen die unmittelbaren Kosten der R\u00fccksendung der Waren.&nbsp;Bei Speditionswaren holen wir die Waren ab &#8211; die Kosten der R\u00fccksendung belaufen sich auf&nbsp;f\u00fcnf Prozent&nbsp;des Warenwerts inkl. MwSt.<\/span><\/p>\n<p><\/p>\n<p><span style=\"color: #ffffff;\">Sie m\u00fcssen f\u00fcr einen etwaigen Wertverlust der Waren nur aufkommen, wenn dieser Wertverlust auf einen zur Pr\u00fcfung der Beschaffenheit, Eigenschaften und Funktionsweise der Waren nicht notwendigen Umgang mit ihnen zur\u00fcckzuf\u00fchren ist.&nbsp;<\/span><\/p>\n<p><span style=\"color: #ffffff;\">Vertr\u00e4ge zur Lieferung von Waren, die nicht vorgefertigt sind und f\u00fcr deren Herstellung eine individuelle Auswahl oder Bestimmung durch den Verbraucher ma\u00dfgeblich ist oder die eindeutig auf die pers\u00f6nlichen Bed\u00fcrfnisse des Verbrauchers zugeschnitten sind, sind vom Widerrufsrecht ausgeschlossen.&nbsp;<\/span><\/p>\n<p><\/p>\n<p><span style=\"color: #ffffff;\">(Wenn Sie den Vertrag widerrufen wollen, dann f\u00fcllen Sie bitte dieses Formular aus und senden Sie es uns zur\u00fcck.)<\/span><\/p>\n<p><\/p>\n<p><span style=\"color: #ffffff;\">&#8211;&nbsp; &nbsp; &nbsp; &nbsp;An :&nbsp;<i>Pools Direct Ransom Schwimmbadtechnik GmbH, Schulstrasse 2, 91320 Ebermannstadt, info (at) poolfolien.online<\/i><i><\/i><\/span><\/p>\n<p><span style=\"color: #ffffff;\">&#8211;&nbsp;&nbsp;&nbsp;&nbsp;&nbsp;&nbsp; Hiermit widerrufe(n) ich\/wir (*) den von mir\/uns (*) abgeschlossenen Vertrag \u00fcber&nbsp;<i>den Kauf der folgenden Waren<\/i>&nbsp;(*)\/ die Erbringung der folgenden Dienstleistung (*)<\/span><\/p>\n<p><span style=\"color: #ffffff;\">&#8211;&nbsp;&nbsp;&nbsp;&nbsp;&nbsp;&nbsp; Bestellt am (*)\/ erhalten am (*)<\/span><\/p>\n<p><span style=\"color: #ffffff;\">&#8211;&nbsp;&nbsp;&nbsp;&nbsp;&nbsp;&nbsp; Name des\/ der Verbraucher(s)<\/span><\/p>\n<p><span style=\"color: #ffffff;\">&#8211;&nbsp;&nbsp;&nbsp;&nbsp;&nbsp;&nbsp; Anschrift des\/ der Verbraucher(s)<\/span><\/p>\n<p><span style=\"color: #ffffff;\">&#8211;&nbsp;&nbsp;&nbsp;&nbsp;&nbsp;&nbsp; Unterschrift des\/ der Verbraucher(s) (nur bei Mitteilung auf Papier)<\/span><\/p>\n<p><span style=\"color: #ffffff;\">&#8211;&nbsp;&nbsp;&nbsp;&nbsp;&nbsp;&nbsp; Datum<\/span><\/p>\n<p><\/p>\n<p><span style=\"color: #ffffff;\">_______________________<\/span><\/p>\n<p><span style=\"color: #ffffff;\">(*) Unzutreffendes streichen.<\/span><\/p>\t\t\t\t\t\t\t\t<\/div>\n\t\t\t\t<\/div>\n\t\t\t\t\t<\/div>\n\t\t<\/div>\n\t\t\t\t\t<\/div>\n\t\t<\/section>\n\t\t\t\t<\/div>\n\t\t","protected":false},"excerpt":{"rendered":"<p>Sie haben das Recht, binnen vierzehn Tagen ohne Angabe von Gr\u00fcnden diesen Vertrag zu widerrufen. Die Widerrufsfrist betr\u00e4gt vierzehn Tage ab dem Tag, an dem Sie oder ein von Ihnen benannter Dritter, der nicht der Bef\u00f6rderer ist, die Waren in Besitz genommen haben bzw. hat. Um Ihr Widerrufsrecht auszu\u00fcben, m\u00fcssen Sie uns (Pools Direct Ransom [&hellip;]<\/p>\n","protected":false},"author":1,"featured_media":0,"parent":0,"menu_order":0,"comment_status":"closed","ping_status":"closed","template":"elementor_canvas","meta":{"footnotes":""},"class_list":["post-262","page","type-page","status-publish","hentry","entry"],"yoast_head":"<!-- This site is optimized with the Yoast SEO Premium plugin v23.1 (Yoast SEO v27.4) - https:\/\/yoast.com\/product\/yoast-seo-premium-wordpress\/ -->\n<title>Widerrufsrecht - Poolfolien.online<\/title>\n<meta name=\"description\" content=\"Wir fertigen Ihre Poolfolie, als Sonderanfertigung, nach Ma\u00df. Jetzt online konfigurieren. Mit unserem Konfigurator erhalten Sie sofort Ihr Angebot, ohne Anmeldung.\" \/>\n<meta name=\"robots\" content=\"index, follow, max-snippet:-1, max-image-preview:large, max-video-preview:-1\" \/>\n<link rel=\"canonical\" href=\"https:\/\/poolfolien.online\/?page_id=262\" \/>\n<meta property=\"og:locale\" content=\"de_DE\" \/>\n<meta property=\"og:type\" content=\"article\" \/>\n<meta property=\"og:title\" content=\"Widerrufsrecht\" \/>\n<meta property=\"og:description\" content=\"Wir fertigen Ihre Poolfolie, als Sonderanfertigung, nach Ma\u00df. Jetzt online konfigurieren. Mit unserem Konfigurator erhalten Sie sofort Ihr Angebot, ohne Anmeldung.\" \/>\n<meta property=\"og:url\" content=\"https:\/\/poolfolien.online\/?page_id=262\" \/>\n<meta property=\"og:site_name\" content=\"Poolfolien.online\" \/>\n<meta property=\"article:publisher\" content=\"https:\/\/www.facebook.com\/profile.php?id=100088498114341\" \/>\n<meta property=\"article:modified_time\" content=\"2023-03-15T14:12:01+00:00\" \/>\n<meta property=\"og:image\" content=\"https:\/\/poolfolien.online\/wp-content\/uploads\/2023\/01\/cropped-Poolfolien_Logo-removebg-preview-1-300x83.png\" \/>\n<meta name=\"twitter:card\" content=\"summary_large_image\" \/>\n<meta name=\"twitter:label1\" content=\"Gesch\u00e4tzte Lesezeit\" \/>\n\t<meta name=\"twitter:data1\" content=\"3\u00a0Minuten\" \/>\n<script type=\"application\/ld+json\" class=\"yoast-schema-graph\">{\"@context\":\"https:\\\/\\\/schema.org\",\"@graph\":[{\"@type\":\"WebPage\",\"@id\":\"https:\\\/\\\/poolfolien.online\\\/?page_id=262\",\"url\":\"https:\\\/\\\/poolfolien.online\\\/?page_id=262\",\"name\":\"Widerrufsrecht - Poolfolien.online\",\"isPartOf\":{\"@id\":\"https:\\\/\\\/poolfolien.online\\\/#website\"},\"primaryImageOfPage\":{\"@id\":\"https:\\\/\\\/poolfolien.online\\\/?page_id=262#primaryimage\"},\"image\":{\"@id\":\"https:\\\/\\\/poolfolien.online\\\/?page_id=262#primaryimage\"},\"thumbnailUrl\":\"https:\\\/\\\/poolfolien.online\\\/wp-content\\\/uploads\\\/2023\\\/01\\\/cropped-Poolfolien_Logo-removebg-preview-1-300x83.png\",\"datePublished\":\"2023-01-19T11:03:28+00:00\",\"dateModified\":\"2023-03-15T14:12:01+00:00\",\"description\":\"Wir fertigen Ihre Poolfolie, als Sonderanfertigung, nach Ma\u00df. Jetzt online konfigurieren. Mit unserem Konfigurator erhalten Sie sofort Ihr Angebot, ohne Anmeldung.\",\"breadcrumb\":{\"@id\":\"https:\\\/\\\/poolfolien.online\\\/?page_id=262#breadcrumb\"},\"inLanguage\":\"de\",\"potentialAction\":[{\"@type\":\"ReadAction\",\"target\":[\"https:\\\/\\\/poolfolien.online\\\/?page_id=262\"]}]},{\"@type\":\"ImageObject\",\"inLanguage\":\"de\",\"@id\":\"https:\\\/\\\/poolfolien.online\\\/?page_id=262#primaryimage\",\"url\":\"https:\\\/\\\/poolfolien.online\\\/wp-content\\\/uploads\\\/2023\\\/01\\\/cropped-Poolfolien_Logo-removebg-preview-1.png\",\"contentUrl\":\"https:\\\/\\\/poolfolien.online\\\/wp-content\\\/uploads\\\/2023\\\/01\\\/cropped-Poolfolien_Logo-removebg-preview-1.png\",\"width\":941,\"height\":259,\"caption\":\"Poolfolien Online\"},{\"@type\":\"BreadcrumbList\",\"@id\":\"https:\\\/\\\/poolfolien.online\\\/?page_id=262#breadcrumb\",\"itemListElement\":[{\"@type\":\"ListItem\",\"position\":1,\"name\":\"Home\",\"item\":\"https:\\\/\\\/poolfolien.online\\\/\"},{\"@type\":\"ListItem\",\"position\":2,\"name\":\"Widerrufsrecht\"}]},{\"@type\":\"WebSite\",\"@id\":\"https:\\\/\\\/poolfolien.online\\\/#website\",\"url\":\"https:\\\/\\\/poolfolien.online\\\/\",\"name\":\"Poolfolien.online\",\"description\":\"Poolfolien bequem &amp; direkt bestellen\",\"publisher\":{\"@id\":\"https:\\\/\\\/poolfolien.online\\\/#organization\"},\"potentialAction\":[{\"@type\":\"SearchAction\",\"target\":{\"@type\":\"EntryPoint\",\"urlTemplate\":\"https:\\\/\\\/poolfolien.online\\\/?s={search_term_string}\"},\"query-input\":{\"@type\":\"PropertyValueSpecification\",\"valueRequired\":true,\"valueName\":\"search_term_string\"}}],\"inLanguage\":\"de\"},{\"@type\":\"Organization\",\"@id\":\"https:\\\/\\\/poolfolien.online\\\/#organization\",\"name\":\"Poolfolien Online\",\"url\":\"https:\\\/\\\/poolfolien.online\\\/\",\"logo\":{\"@type\":\"ImageObject\",\"inLanguage\":\"de\",\"@id\":\"https:\\\/\\\/poolfolien.online\\\/#\\\/schema\\\/logo\\\/image\\\/\",\"url\":\"https:\\\/\\\/chrea0.n3cdn1.secureserver.net\\\/wp-content\\\/uploads\\\/2023\\\/02\\\/Poolfolien_Favicon.png?time=1677505296\",\"contentUrl\":\"https:\\\/\\\/chrea0.n3cdn1.secureserver.net\\\/wp-content\\\/uploads\\\/2023\\\/02\\\/Poolfolien_Favicon.png?time=1677505296\",\"width\":373,\"height\":544,\"caption\":\"Poolfolien Online\"},\"image\":{\"@id\":\"https:\\\/\\\/poolfolien.online\\\/#\\\/schema\\\/logo\\\/image\\\/\"},\"sameAs\":[\"https:\\\/\\\/www.facebook.com\\\/profile.php?id=100088498114341\"]}]}<\/script>\n<!-- \/ Yoast SEO Premium plugin. -->","yoast_head_json":{"title":"Widerrufsrecht - Poolfolien.online","description":"Wir fertigen Ihre Poolfolie, als Sonderanfertigung, nach Ma\u00df. Jetzt online konfigurieren. Mit unserem Konfigurator erhalten Sie sofort Ihr Angebot, ohne Anmeldung.","robots":{"index":"index","follow":"follow","max-snippet":"max-snippet:-1","max-image-preview":"max-image-preview:large","max-video-preview":"max-video-preview:-1"},"canonical":"https:\/\/poolfolien.online\/?page_id=262","og_locale":"de_DE","og_type":"article","og_title":"Widerrufsrecht","og_description":"Wir fertigen Ihre Poolfolie, als Sonderanfertigung, nach Ma\u00df. Jetzt online konfigurieren. Mit unserem Konfigurator erhalten Sie sofort Ihr Angebot, ohne Anmeldung.","og_url":"https:\/\/poolfolien.online\/?page_id=262","og_site_name":"Poolfolien.online","article_publisher":"https:\/\/www.facebook.com\/profile.php?id=100088498114341","article_modified_time":"2023-03-15T14:12:01+00:00","og_image":[{"url":"https:\/\/poolfolien.online\/wp-content\/uploads\/2023\/01\/cropped-Poolfolien_Logo-removebg-preview-1-300x83.png","type":"","width":"","height":""}],"twitter_card":"summary_large_image","twitter_misc":{"Gesch\u00e4tzte Lesezeit":"3\u00a0Minuten"},"schema":{"@context":"https:\/\/schema.org","@graph":[{"@type":"WebPage","@id":"https:\/\/poolfolien.online\/?page_id=262","url":"https:\/\/poolfolien.online\/?page_id=262","name":"Widerrufsrecht - Poolfolien.online","isPartOf":{"@id":"https:\/\/poolfolien.online\/#website"},"primaryImageOfPage":{"@id":"https:\/\/poolfolien.online\/?page_id=262#primaryimage"},"image":{"@id":"https:\/\/poolfolien.online\/?page_id=262#primaryimage"},"thumbnailUrl":"https:\/\/poolfolien.online\/wp-content\/uploads\/2023\/01\/cropped-Poolfolien_Logo-removebg-preview-1-300x83.png","datePublished":"2023-01-19T11:03:28+00:00","dateModified":"2023-03-15T14:12:01+00:00","description":"Wir fertigen Ihre Poolfolie, als Sonderanfertigung, nach Ma\u00df. Jetzt online konfigurieren. Mit unserem Konfigurator erhalten Sie sofort Ihr Angebot, ohne Anmeldung.","breadcrumb":{"@id":"https:\/\/poolfolien.online\/?page_id=262#breadcrumb"},"inLanguage":"de","potentialAction":[{"@type":"ReadAction","target":["https:\/\/poolfolien.online\/?page_id=262"]}]},{"@type":"ImageObject","inLanguage":"de","@id":"https:\/\/poolfolien.online\/?page_id=262#primaryimage","url":"https:\/\/poolfolien.online\/wp-content\/uploads\/2023\/01\/cropped-Poolfolien_Logo-removebg-preview-1.png","contentUrl":"https:\/\/poolfolien.online\/wp-content\/uploads\/2023\/01\/cropped-Poolfolien_Logo-removebg-preview-1.png","width":941,"height":259,"caption":"Poolfolien Online"},{"@type":"BreadcrumbList","@id":"https:\/\/poolfolien.online\/?page_id=262#breadcrumb","itemListElement":[{"@type":"ListItem","position":1,"name":"Home","item":"https:\/\/poolfolien.online\/"},{"@type":"ListItem","position":2,"name":"Widerrufsrecht"}]},{"@type":"WebSite","@id":"https:\/\/poolfolien.online\/#website","url":"https:\/\/poolfolien.online\/","name":"Poolfolien.online","description":"Poolfolien bequem &amp; direkt bestellen","publisher":{"@id":"https:\/\/poolfolien.online\/#organization"},"potentialAction":[{"@type":"SearchAction","target":{"@type":"EntryPoint","urlTemplate":"https:\/\/poolfolien.online\/?s={search_term_string}"},"query-input":{"@type":"PropertyValueSpecification","valueRequired":true,"valueName":"search_term_string"}}],"inLanguage":"de"},{"@type":"Organization","@id":"https:\/\/poolfolien.online\/#organization","name":"Poolfolien Online","url":"https:\/\/poolfolien.online\/","logo":{"@type":"ImageObject","inLanguage":"de","@id":"https:\/\/poolfolien.online\/#\/schema\/logo\/image\/","url":"https:\/\/chrea0.n3cdn1.secureserver.net\/wp-content\/uploads\/2023\/02\/Poolfolien_Favicon.png?time=1677505296","contentUrl":"https:\/\/chrea0.n3cdn1.secureserver.net\/wp-content\/uploads\/2023\/02\/Poolfolien_Favicon.png?time=1677505296","width":373,"height":544,"caption":"Poolfolien Online"},"image":{"@id":"https:\/\/poolfolien.online\/#\/schema\/logo\/image\/"},"sameAs":["https:\/\/www.facebook.com\/profile.php?id=100088498114341"]}]}},"_links":{"self":[{"href":"https:\/\/poolfolien.online\/index.php?rest_route=\/wp\/v2\/pages\/262","targetHints":{"allow":["GET"]}}],"collection":[{"href":"https:\/\/poolfolien.online\/index.php?rest_route=\/wp\/v2\/pages"}],"about":[{"href":"https:\/\/poolfolien.online\/index.php?rest_route=\/wp\/v2\/types\/page"}],"author":[{"embeddable":true,"href":"https:\/\/poolfolien.online\/index.php?rest_route=\/wp\/v2\/users\/1"}],"replies":[{"embeddable":true,"href":"https:\/\/poolfolien.online\/index.php?rest_route=%2Fwp%2Fv2%2Fcomments&post=262"}],"version-history":[{"count":9,"href":"https:\/\/poolfolien.online\/index.php?rest_route=\/wp\/v2\/pages\/262\/revisions"}],"predecessor-version":[{"id":1558,"href":"https:\/\/poolfolien.online\/index.php?rest_route=\/wp\/v2\/pages\/262\/revisions\/1558"}],"wp:attachment":[{"href":"https:\/\/poolfolien.online\/index.php?rest_route=%2Fwp%2Fv2%2Fmedia&parent=262"}],"curies":[{"name":"wp","href":"https:\/\/api.w.org\/{rel}","templated":true}]}}